22836)/(-1) - ((-2)/4)/((-197)/(-394)) a prime number?
False
Suppose 89*u + 660 = 93*u. Let s be 3*(5 + u/(-9)). Let a = s + 75. Is a prime?
False
Is (2 - 60/28) + (-47574648)/(-308) a composite number?
True
Let v = 53 + -39. Suppose v*r = 391 + 1541. Is r/(-27)*-38 + 4/(-18) composite?
True
Suppose 2*c = -4*d + 230378, 23*c - 18*c - 575945 = 3*d. Is c a composite number?
True
Let m(u) = u**3 - 6*u**2 - 5*u + 24. Let g be m(6). Is 135186/22 + -6 + g/(-33) composite?
True
Let s(b) = b**2 + b + 1. Let q be s(-2). Let a be 4 + -4 + 213 + q. Let f = 83 + a. Is f a prime number?
False
Suppose 62*z = 31225 + 144483. Suppose -2*b + 6*d + 1413 = d, -z = -4*b + 2*d. Is b a prime number?
True
Let r be 30/8*7423 - 1/4. Suppose 2*b - 2*a - r = -4128, a = -b + 11856. Is b a composite number?
True
Is (33/(-7 + 6))/((-26830)/(-26833) - 1) prime?
False
Let v = -113 + 116. Is ((1 - v) + 3)*(0 + 65867) a prime number?
True
Let n = -142 - -142. Suppose n*c = c - 4*m - 1419, c = -m + 1444. Is c composite?
False
Suppose -6561436 = 424*y - 452*y. Is y a prime number?
False
Suppose 112*f = 114*f + 2. Is (f - (-108141)/10) + 2/(-20) prime?
False
Suppose 0 = 150*t + 20323137 - 86926587. Is t a composite number?
True
Let u = -3035 + -883. Is u/(-4)*(-182)/(-21) a prime number?
False
Let g(h) = 6*h**2 + 50*h + 3. Let p = -646 - -669. Is g(p) composite?
False
Let w = -448 + 250. Let s be (w/21)/(-2) - 2/(-7). Suppose -t + 251 = 2*t + s*u, -4*t + 329 = u. Is t a composite number?
True
Let i(z) = -8*z**2 + 0*z**3 + 24*z + 29*z - 48*z - 13 - z**3. Is i(-13) a prime number?
False
Let l = -2473206 - -4179089. Is l composite?
False
Suppose 17 = -r + 5*r + i, -r - 5*i + 28 = 0. Suppose 0 = -r*w + 7632 + 3057. Is w a composite number?
True
Suppose 0 = -0*g + 21*g - 1466031. Is g prime?
False
Suppose -3*h = -5*a - 21, -5*a + 0*a = 15. Is (-39)/(-26) + 1495/h a prime number?
False
Let y(g) = 6394*g**2 + 43*g - 34. Is y(15) a prime number?
True
Let c = 520697 - 257530. Is c a prime number?
True
Let f = -424 + 395. Let g be (-990)/(-25) + (-4)/(-10). Let r = f + g. Is r a prime number?
True
Suppose -725705 = -8*c - 242321. Suppose -7*b = -10*b + c. Is b a composite number?
True
Suppose 0 = -2*q + 3*p - 58746 + 213301, 0 = -3*q + 2*p + 231820. Suppose -61816 = -4*k + 5*b, -9*k + q = -4*k + 5*b. Is k prime?
False
Let i = 53 - 44. Let s(r) = -r**3 + 9*r**2 + 3. Let j be s(i). Suppose 2*u + 2*a = 3256, -4*a = j*u + a - 4878. Is u a prime number?
False
Suppose -21*n - 82 = -19. Is (n/12)/((-4)/116192) prime?
False
Let r(i) = -3*i - 12. Let q(o) = 4*o + 13. Let s(n) = 6*q(n) + 7*r(n). Let b be s(7). Let v(a) = 2*a + 27. Is v(b) composite?
True
Let o(q) = 2*q**2 - 30*q + 30. Let c be o(1). Suppose 10 = -c*f, 0 = -26*x + 24*x - 2*f + 20680. Is x a prime number?
False
Suppose -v - 18*p = -19*p - 103275, -5*p = -2*v + 206556. Is v prime?
False
Suppose 9*i = -12*i + 2088684 + 3430263. Is i composite?
False
Suppose 292 = 5*g - 2*j, -3*j + 125 = 3*g - 67. Let x = -63 + g. Is 321 + x*7/((-84)/(-8)) a prime number?
False
Let i(f) = -5501*f - 101. Is i(-2) a composite number?
True
Let w = 41 - 32. Suppose 2*x + q - 22447 = -0*q, 4*x + 4*q - 44904 = 0. Suppose -w*j = -x + 862. Is j a prime number?
True
Suppose -2*x - 141 = -l, x - 20 = 5*l - 86. Let n = 92 + x. Suppose n - 126 = -3*a. Is a a prime number?
False
Let b be (9/(-6))/((-9)/(-12)). Let o be (10/b - (-3 - 0)) + 8. Suppose o*c = 7*c - 677. Is c a composite number?
False
Let g = -3257 - -5280. Suppose 9*c = -2*z + 13*c + 2014, 5*c - g = -2*z. Is z a prime number?
True
Suppose 2*o + 675 = 5*o. Let s = 1381 - o. Is (s/(-6))/(42/(-63)) composite?
True
Suppose -65*n + 5235337 = -19*n - 29*n. Is n a composite number?
True
Let y(m) = -m**3 + 41*m**2 + 20*m - 13. Is y(25) composite?
False
Let l(m) = 7*m**2 + 8*m + 79. Let f = -5 - 13. Is l(f) composite?
False
Suppose -131*t + 156*t = 1505225. Is t a prime number?
True
Is (-72)/(-54) + 8/(-76) + (-24538474)/(-114) prime?
False
Suppose 2*b - 4*n - 2101162 = 0, 4*b - 84920 - 4117482 = -5*n. Is b a prime number?
True
Let g be (40/6)/((-1)/3). Let c(h) = -55*h + 1310. Let o be c(24). Is (-366)/o + g/(-50) prime?
True
Let g(s) = -s**2 + 2*s + 31. Let m = -4 - -10. Let c be g(m). Let f(o) = 10*o**2 - o - 4. Is f(c) prime?
True
Let m be 4/8*(17 + 214061). Suppose 4*q = -4*v + 3*v + m, 0 = 5*q - v - 133792. Is q prime?
True
Let w(b) = 6*b + 48. Let k be w(-7). Suppose -k*d + 741 = -1089. Is d a prime number?
False
Let b = 70902 + 70627. Is b a composite number?
False
Let i = -1694212 - -2596553. Is i prime?
False
Suppose 32*o = 33*o. Suppose o = 2*g + 6*g - 21768. Is g prime?
False
Let q(d) = -3*d**2 - 14*d - 5. Let o be q(-3). Is (-4)/o + (-27357)/(-55) a prime number?
False
Let d(f) = 4*f - 71. Let m be d(23). Suppose 31 = -2*s + m, -u + s = -6904. Is u prime?
True
Let i = 102 - 69. Let h be -1*((-11)/i + (-46)/6). Suppose 3*p + 3395 = h*p. Is p composite?
True
Suppose 3*n - 330672 = 3*w + 142815, -w = 6. Is n composite?
False
Suppose -775971 = -5*r - 4*g, 34*g - 38*g + 620780 = 4*r. Suppose -16*d - 55847 = -r. Is d prime?
False
Suppose -h = -11206 - 1575. Is h prime?
True
Let i(t) = 365*t**3 + 5*t**2 + 2*t - 5. Suppose -4*p + 3*h + 20 = -2*p, -4*h - 64 = -5*p. Let f be 4 - (p/7 + 6/(-21)). Is i(f) a composite number?
False
Let t(k) = 1522*k + 141*k + 2388*k + 2 - 4. Is t(1) prime?
True
Let r = -50 - -58. Let p be (-3)/((-2)/r - (-2652)/10544). Is (3 + -2)/((-3)/p) a prime number?
True
Suppose -25*p - 3428 = -26*p. Let c = -2005 + p. Is c prime?
True
Let l(n) = -2*n - 42. Let b be l(-18). Is (1 + 8/b)/((-87)/175653) prime?
True
Let x = -32825 - -14464. Let z = 27654 + x. Is z a composite number?
False
Suppose -10 = -5*l - 5*f, 5*l - 9 - 9 = -f. Suppose -2*o + 3114 = 4*p, 4*o = -l*p - 3187 + 9419. Is o a prime number?
True
Suppose 2*c + 4*f = 58530, -36*f - 87815 = -3*c - 32*f. Is c composite?
False
Let j = -21030 + 24632. Is j prime?
False
Let s(t) = t**3 + 93*t**2 - 261*t + 60. Is s(-41) composite?
True
Suppose -56 = -4*c - 196. Let z(p) = p**3 - 26*p**2 + 49*p - 22. Let l be z(24). Let r = l - c. Is r a prime number?
True
Is 50/(-40) + 10/(-16)*-2085786 a prime number?
False
Suppose 4*h + 78 = 5*k + 2*h, -k + 4*h = -12. Let q be 2387 + 12/k*4. Is 2 + (-1)/1 + q a composite number?
True
Is (-72)/(-168) - 4636016/(-49) prime?
True
Let k = 327 - 323. Suppose 0 = -k*s - s + 21035. Is s a prime number?
False
Let w(p) = -112*p - 45. Let d(r) = r - 1. Let v(k) = -4*d(k) - w(k). Let z be 16/6*-6*4/(-16). Is v(z) composite?
True
Let v(b) = 13609*b - 5273. Is v(18) a composite number?
False
Is (-9)/((-162)/(-8802546))*(-1 - (-2 - -4)) a prime number?
True
Suppose 2*v + 3 = -0*v + p, 4*p = -2*v + 12. Suppose 2*h - 4*k - 1138 = v, -2*h + 1685 = 4*k + 531. Is h composite?
True
Let p(q) = 3616*q - 1787. Is p(28) prime?
False
Suppose -21*p + 16*p = -15. Let s(n) = 262*n**2 + 4*n - 7. Let d be s(p). Let b = d + -1030. Is b a composite number?
True
Let u(g) = g**3 - 16*g**2 - 12*g + 26. Suppose -22*r - 20*r = -882. Is u(r) a prime number?
True
Suppose 24*o = 20*o + 77588. Suppose 3*z - 32707 = o. Let f = -6365 + z. Is f a composite number?
False
Suppose -h - 4*j + 46 = -138, 5*j = -4*h + 725. Suppose 5*i + 609 = -2*w, -h = -3*i - 4*w - 537. Let r = i + 656. Is r prime?
False
Suppose -y + 4*d - 4577 = 0, 2*d - 13878 = 4*y + 4374. Let u = y - -10592. Is u a prime number?
False
Let w(m) = 6*m**2 + 26*m + 77. Suppose -2*t = 7*t + 180. Is w(t) a composite number?
True
Suppose 3*i + 4*u + 4926 = 0, i = u - 162 - 1480. Let d = 697 - i. Is d prime?
True
Let w(y) = -352*y - 52. Let u be w(-13). Let x = u - 3101. Is x prime?
True
Suppose -5*c - 3*o = -10, -4*c - 5*o = -c - 6. Suppose -c*h - 4*p + 4 = 0, -3 = -h + 5*p + 6. Is (1882/(h - 3))/(1 + 0) prime?
False
Let g(c) = -c**3 - 7*c**2 - 8*c - 8. Let n be g(-6). Suppose -25280 = -n*l + 5*h + 8213, l - 8347 = -4*h. Is l prime?
False
Let u(c) = -7*c - 33. Let n(y) = -2*y**2 + 5*y - 3. Let v be (6/7)/((-5)/(-35)) + -3. Let i be n(v). Is u(i) a prime number?
False
Suppose 16 = -4*n, -4*k = -5*n - 295953 + 59129. Is k composite?
True
Let g be (2*(-4)/(-8))/(-4)*0. Suppose g = -3*z + w + 3081 + 372, -4*w = -2*z + 2302. Is z a composite number?
False
Suppose 2*v = 3*r + 19, -33*v +